e prime factors of s(1).
2, 13
Let y be 1/8 - (-11 - 6150/(-48)). Let j = y - -668. What are the prime factors of j?
19, 29
Let n = -141 + 140. What are the prime factors of 9/12*(-14 - -42) + n?
2, 5
Suppose -4*a - 14912 = -3*q - 147732, 2*a - 3*q = 66410. List the prime factors of a.
5, 29, 229
Let q be (1/2)/(2 - 5/2). Let h(a) = -324*a**3 + 4*a + 3. What are the prime factors of h(q)?
17, 19
Suppose -10268 = -36*z - 40*z + 10632. Suppose 5*p - 3*k - 2166 = -k, -p + k = -435. Let n = p - z. List the prime factors of n.
157
Suppose 0 = -5*q - 3*x + 6590, -2*x - 6182 = -5*q + 408. List the prime factors of q.
2, 659
Suppose -117170 = -5*g + 3*h, -19*g - 5*h - 117160 = -24*g. What are the prime factors of g?
23, 1019
Let n be 17206/10 - 98/(-245). Suppose x - 427 = 3*a, 0 = 4*x - 2*a + 3*a - n. List the prime factors of x.
2, 5, 43
Suppose -45501 = 28*l - 81758 - 167975. What are the prime factors of l?
2, 7, 521
Suppose 0 = -2*r + 3 + 15. Suppose -94 + 115 = -7*g. Let f = r - g. What are the prime factors of f?
2, 3
Let p(w) be the second derivative of w**4/12 - w**3/3 - w**2 + 2*w. Suppose -62*r + 64*r + 10 = 0. What are the prime factors of p(r)?
3, 11
Suppose 15*x - 499937 = 195868. List the prime factors of x.
11, 4217
Suppose 176 - 32 = 6*f. Suppose -6*i + f = -36. Let o(w) = 3*w**2 - 26*w - 12. List the prime factors of o(i).
2, 7
Let p(c) = -1. Let b(n) = -21*n**2 - 25*n + 10. Let q(t) = -b(t) - 4*p(t). What are the prime factors of q(-7)?
2, 53
Suppose 0*g + 48 = 4*g. Let v be (-1 + g/(-8))/((-1)/2). Suppose l + 4*t = 2*l - 91, -2*t - 401 = -v*l. What are the prime factors of l?
79
Let o = 28 + -20. Let x(v) = 4*v**3 - 2*v**2 - 14*v + 22. Let i be x(o). List the prime factors of (2/6)/(10/i).
61
Let p(v) = 1421*v**2 + 110*v + 492. List the prime factors of p(-5).
29, 1223
Let q(u) = 647*u + 2. Let a(h) = 216*h + 1. Let o(j) = -8*a(j) + 3*q(j). Let y be o(2). List the prime factors of (y + -1)/3 - -5.
2, 73
Suppose 2*r + 46905 = p, p - 57977 + 11078 = 3*r. What are the prime factors of p?
3, 13, 401
Suppose 5*v - 10*z = -14*z + 270172, -z = -7*v + 378287. List the prime factors of v.
2, 5, 7, 193
Let r(i) = -29 - i + 4*i + 6*i + 8*i. Let p be r(7). Suppose -8*a + p - 2 = 0. List the prime factors of a.
11
Let f(z) be the first derivative of 11*z**3/3 + 9*z**2 - 36*z - 14. List the prime factors of f(11).
1493
Let o(q) = -q**3 + 32*q**2 + 364*q + 31. What are the prime factors of o(-35)?
2, 3, 11, 1051
Let y = -1986 - -4519. List the prime factors of y.
17, 149
Suppose -2*u - 10196 = -2*t - 0*u, 0 = 4*u + 16. Suppose 3*c - 1839 = 3*j - t, -3*j = -4*c - 3250. List the prime factors of j.
2, 5, 109
Let m(b) = 69*b**2 + 52*b + 17. What are the prime factors of m(10)?
3, 37, 67
Let d(i) = 1524*i + 703. List the prime factors of d(5).
7, 29, 41
Let w = 2451 - 1330. Suppose -5*p + 5134 = -w. List the prime factors of p.
3, 139
Suppose -112*w + 695040 = -292724 - 4348700. What are the prime factors of w?
29, 31, 53
Let s(x) = -x**2 - 3*x - 6. Let l = 55 + -49. Let a be s(l). Let t = 66 - a. List the prime factors of t.
2, 3, 7
What are the prime factors of (-28248)/33*((-6)/30 - (-308)/(-10))?
2, 31, 107
Let t = -336 - -238. Let d be 2/14 + (-88284)/t. Suppose -2*j + d = 3*j + 3*m, 0 = j - m - 177. List the prime factors of j.
179
Let q(f) = 18664*f**2 - 28*f - 12. List the prime factors of q(-1).
2, 5, 467
Suppose x + 3020 = 4*x - 4*t, 4031 = 4*x - t. List the prime factors of x.
2, 3, 7
Suppose 3*i = 5*v + 121382, 33*i - 35*i = -v - 80926. What are the prime factors of i?
2, 3, 281
Suppose -3*k + 2*t = -158773, 9*k - 10*k + 52921 = t. List the prime factors of k.
3, 13, 23, 59
Let p(y) = -3*y**3 - 10*y**2 - 2*y - 19. Let f(w) = 3*w - 7. Let l be f(0). Let q be p(l). Suppose -10*m + 4*m = -q. What are the prime factors of m?
89
Let v = 52 + -50. Suppose 0*t + 578 = v*t. Let d = t + -131. What are the prime factors of d?
2, 79
Let x(p) = p + 10. Let a be x(-6). Suppose -3*i - 17 = -u, u - 3*i = -8*i - 23. Suppose -5*b + u*b = v - 124, a*v - 496 = -b. List the prime factors of v.
2, 31
Let m be (10/(-15))/(1/(-3)). Suppose -6 = -4*v - m. What are the prime factors of -3 - -33 - (v - 3)/2?
31
Suppose 4*p - 155 + 410 = 5*m, -2*m - 5*p = -102. Let j be (-35)/(-6) - (56/(-49) + 615/630). Let w = m + j. List the prime factors of w.
3, 19
Let a(y) = 5*y**3 - 10*y**2 + 12*y + 3. Let k be a(6). Suppose -i + k = -5*h, 0 = 2*h + 3 - 13. Suppose 0 = -d - 9*d + i. List the prime factors of d.
2, 41
Let k be (-2)/(-4)*-8 + (-4)/(-1). Suppose -5*h + 3*d + 1679 = k, -d = -4 + 2. List the prime factors of h.
337
Let z = 28 - 23. Suppose -z*i = 2*h - 11, 0*h = 4*h - 2*i - 10. Suppose 5*t + 4*c = 283 + 583, h*c = -4*t + 692. List the prime factors of t.
2, 5, 17
Let j be -347 + -1*(-1 + 0). Let s be 846/(-7) + (310/35 - 9). Let a = s - j. List the prime factors of a.
3, 5
Let w be (6/(-15))/(-3*2/(-60)). Let k(x) = -81*x + 17. What are the prime factors of k(w)?
11, 31
Suppose 6*h = -0 - 0. Suppose -2*p - 81 + 89 = h. Suppose v - 119 = -4*x, -3*v - 2*x = -p*v + 125. List the prime factors of v.
3, 41
Let d be 9012/21*21/6. Suppose 0 = 11*y - d - 676. What are the prime factors of y?
2, 3, 11
Suppose -3590 = p - 3*d - 36949, 0 = 5*p + 3*d - 166921. List the prime factors of p.
2, 5, 1669
Let i(o) = o**2 + 28*o + 113. Let w be i(-23). List the prime factors of (-655*w/(-6))/((-5)/15).
5, 131
Suppose 3*l + 23840 = -4*t, 0 = -t + 16*l - 17*l - 5960. What are the prime factors of 2/6 - t/30?
199
Suppose -3*g + 3*y - y = 287, 510 = -5*g - 3*y. Let h = 1865 - 1870. What are the prime factors of 0 - (g - h/1)?
2, 47
Let z(p) = 516*p**2 + 52*p - 19. What are the prime factors of z(2)?
7, 307
Let t be 25*(-4632)/(-60) - (-3)/(-1). Suppose 0 = -3*w + 362 + t. List the prime factors of w.
7, 109
Suppose -5*t + 7576 + 2024 = 0. Suppose 10*a - 5*j + 412 = 11*a, 5*a - t = 3*j. What are the prime factors of a?
3, 43
Let w = 46 + 7. Let n(o) = -o**2 + 61*o - 373. Let q be n(7). Suppose -q*p + 17 = -w. List the prime factors of p.
2, 7
Let c = 907 - 265. Suppose -2*m + 4*z + 642 = 6*z, c = 2*m - 2*z. List the prime factors of m.
3, 107
Let u(x) = 1969*x**2 + 54*x + 115. List the prime factors of u(-2).
7883
Let q = 68 + -67. Suppose -2*o - q = 7. List the prime factors of (o/(-12))/(1/129).
43
Let c = 78751 - 56103. What are the prime factors of c?
2, 19, 149
Suppose 29*j + q + 18658 = 32*j, 0 = 2*j - 3*q - 12448. List the prime factors of j.
2, 3109
Let d(p) = 522*p**3 + 6*p**2 + 11*p - 27. List the prime factors of d(2).
5, 839
Let p = -269 + 267. What are the prime factors of (1 + -116)/((p/(-3))/(-2))?
3, 5, 23
Let l(g) = g - 22. Let w be l(9). Suppose 2*d - h - 179 = 0, -3*d + 353 = d - 3*h. Let u = d - w. What are the prime factors of u?
3, 5, 7
Suppose 3*x = 6*y - 3*y - 39, 57 = -5*x + y. Let d(r) = -r**3 - 9*r**2 - 6*r + 17. List the prime factors of d(x).
5, 13
Suppose -5*b + 113 = -57. Suppose 0 = 4*f - v + 162, 0*v = -f - 3*v - b. List the prime factors of f/(-10) + -2 + 36.
2, 19
Let d = -408 + 2436. List the prime factors of d.
2, 3, 13
Let l(b) = b**3 - 9*b**2 + 3*b + 16. Let q(m) = m**2 - m - 44. Let d be q(-7). List the prime factors of l(d).
2, 11
Let d(h) = -h**3 + 5*h**2 + 2*h + 24. Let c be d(6). Suppose 4*s = -n + 150, c = 4*n - n + 3*s - 414. What are the prime factors of n?
2, 67
Let l(o) = 6*o**3 + o**2 - 14*o - 6. Let i be l(5). Suppose -4*s + 1162 = 3*p, -740 = -5*s + 3*p + i. List the prime factors of s.
17
Let g be (-2 - 1) + 56*-2. Let q = -111 - g. Suppose 2*l - 477 = -3*k, q*l - 616 - 317 = k. List the prime factors of l.
2, 3, 13
List the prime factors of -1242*(1552/(-32) + 7/1).
3, 23, 83
Let w = -867 + 3615. Suppose w = 58*n - 46*n. What are the prime factors of n?
229
Let t(y) = y**3 + 7*y**2 + 6*y + 49. Let a be t(-7). Suppose -a*u = -11*u + 3120. What are the prime factors of u?
2, 3, 5, 13
Suppose 4*q - 241724 = 4*r, -q + 15*r - 20*r + 60467 = 0. List the prime factors of q.
13, 4649
Suppose -22185 = -3*h + 3*a, -43*h + 5*a = -44*h + 7389. What are the prime factors of h?
2, 3697
Let f(q) = -q**3 - 25*q**2 + 3*q + 78. Let a be f(-25). What are the prime factors of 84/(-36) + 3427/a?
2, 3, 5, 19
Suppose -p - z + 35129 = -6201, 5*p - z - 